{"id":102,"date":"2026-01-10T01:50:20","date_gmt":"2026-01-10T01:50:20","guid":{"rendered":"https:\/\/www.echoes-sas.com\/www\/?page_id=102"},"modified":"2026-02-06T09:51:54","modified_gmt":"2026-02-06T09:51:54","slug":"promotion-immobiliere","status":"publish","type":"page","link":"https:\/\/www.echoes-sas.com\/www\/promotion-immobiliere\/","title":{"rendered":"Promotion"},"content":{"rendered":"\n<div class=\"wp-block-group alignwide is-nowrap is-layout-flex wp-container-core-group-is-layout-6c531013 wp-block-group-is-layout-flex\">\n<h4 class=\"wp-block-heading has-text-align-center has-custom-color-3-color has-text-color\"><strong>PROMOTION<\/strong><\/h4>\n<\/div>\n\n\n\n<div class=\"wp-block-group alignwide is-vertical is-content-justification-center is-layout-flex wp-container-core-group-is-layout-31309b5c wp-block-group-is-layout-flex\" style=\"padding-top:4rem;padding-right:65px;padding-bottom:80px;padding-left:65px\">\n<div class=\"wp-block-group alignfull has-global-padding is-layout-constrained wp-block-group-is-layout-constrained\">\n<div class=\"wp-block-columns is-layout-flex wp-container-core-columns-is-layout-430f08e6 wp-block-columns-is-layout-flex\">\n<div class=\"wp-block-column is-layout-flow wp-container-core-column-is-layout-343acf9e wp-block-column-is-layout-flow\">\n<p class=\"has-text-align-left\" style=\"font-size:clamp(14px, 0.875rem + ((1vw - 3.2px) * 0.227), 16px);font-style:normal;font-weight:300;line-height:1.8\"><strong>La promotion immobili\u00e8re<\/strong> constitue un axe essentiel de notre activit\u00e9. Nous concevons et d\u00e9veloppons des projets performants et durables, de l\u2019\u00e9tude du foncier jusqu&rsquo;\u00e0 la livraison des biens. En temps qu&rsquo;ensemblier, nous ma\u00eetrisons le montage de projet complexe en coordonnant l&rsquo;ensemble des acteurs impliqu\u00e9s. Nous veillons ainsi \u00e0 proposer des programmes adapt\u00e9s aux besoins du territoire, alliant performance, innovation et respect des normes en vigueur.<\/p>\n\n\n\n<p style=\"font-size:clamp(14px, 0.875rem + ((1vw - 3.2px) * 0.227), 16px);font-style:normal;font-weight:300;line-height:1.8\"><br>\u00c0 ce jour, nos projets en cours repr\u00e9sentent pr\u00e8s de 300 logements en Meurthe-et-Moselle, en Moselle ainsi qu&rsquo;en Alsace, illustrant notre expertise et notre capacit\u00e9 \u00e0 r\u00e9pondre aux besoins vari\u00e9s du territoire.<\/p>\n<\/div>\n<\/div>\n<\/div>\n<\/div>\n\n\n\n<h4 class=\"wp-block-heading\">Qu\u2019est-ce qu\u2019un ensemblier en immobilier ?<\/h4>\n\n\n\n<p>Un projet immobilier ne se limite pas \u00e0 construire des b\u00e2timents : il s\u2019agit de cr\u00e9er des lieux de vie pens\u00e9s dans leur environnement et adapt\u00e9s aux besoins du territoire. Qu\u2019il s\u2019agisse de logements, de bureaux ou de commerces, chaque \u00e9l\u00e9ment doit s\u2019articuler avec les autres pour former un ensemble coh\u00e9rent et performant.<\/p>\n\n\n\n<p>C\u2019est l\u00e0 qu\u2019intervient l\u2019<strong>ensemblier<\/strong>. V\u00e9ritable chef d\u2019orchestre du projet, il coordonne tous les acteurs \u2013 architectes, bureaux d\u2019\u00e9tudes, entreprises, partenaires financiers \u2013 et veille \u00e0 ce que chaque \u00e9tape, de l\u2019\u00e9tude du terrain \u00e0 la livraison, se d\u00e9roule efficacement. Son objectif : garantir des programmes innovants, durables et conformes aux normes, qui r\u00e9pondent aux attentes des habitants et aux exigences du territoire.<\/p>\n\n\n\n<h4 class=\"wp-block-heading has-text-align-right\"><a href=\"https:\/\/www.echoes-sas.com\/www\/nos-projets\/\">D\u00e9couvrez nos projets <\/a><\/h4>\n","protected":false},"excerpt":{"rendered":"<p>PROMOTION La promotion immobili\u00e8re constitue un axe essentiel de notre activit\u00e9. Nous concevons et d\u00e9veloppons des projets performants et durables, de l\u2019\u00e9tude du foncier jusqu&rsquo;\u00e0 la livraison des biens. En temps qu&rsquo;ensemblier, nous ma\u00eetrisons le montage de projet complexe en coordonnant l&rsquo;ensemble des acteurs impliqu\u00e9s. Nous veillons ainsi \u00e0 proposer des programmes adapt\u00e9s aux besoins [&hellip;]<\/p>\n","protected":false},"author":1,"featured_media":0,"parent":0,"menu_order":0,"comment_status":"closed","ping_status":"closed","template":"","meta":{"footnotes":""},"class_list":["post-102","page","type-page","status-publish","hentry"],"_links":{"self":[{"href":"https:\/\/www.echoes-sas.com\/www\/wp-json\/wp\/v2\/pages\/102","targetHints":{"allow":["GET"]}}],"collection":[{"href":"https:\/\/www.echoes-sas.com\/www\/wp-json\/wp\/v2\/pages"}],"about":[{"href":"https:\/\/www.echoes-sas.com\/www\/wp-json\/wp\/v2\/types\/page"}],"author":[{"embeddable":true,"href":"https:\/\/www.echoes-sas.com\/www\/wp-json\/wp\/v2\/users\/1"}],"replies":[{"embeddable":true,"href":"https:\/\/www.echoes-sas.com\/www\/wp-json\/wp\/v2\/comments?post=102"}],"version-history":[{"count":27,"href":"https:\/\/www.echoes-sas.com\/www\/wp-json\/wp\/v2\/pages\/102\/revisions"}],"predecessor-version":[{"id":521,"href":"https:\/\/www.echoes-sas.com\/www\/wp-json\/wp\/v2\/pages\/102\/revisions\/521"}],"wp:attachment":[{"href":"https:\/\/www.echoes-sas.com\/www\/wp-json\/wp\/v2\/media?parent=102"}],"curies":[{"name":"wp","href":"https:\/\/api.w.org\/{rel}","templated":true}]}}